) + 38) - 3
68
What is the value of (12 - 1 - (2 + 0)) + -52 + 41 + -42?
-44
Evaluate (157 - 147) + -6 + (-2 - -1 - -13) + 105.
121
What is (2 + -46 - -9) + 42?
7
Evaluate 13228 + -13304 - (1 - 94).
17
What is the value of -834 - -862 - (-1 - -22)?
7
What is the value of (5 - 3) + 57 - ((96 - 185) + 102)?
46
What is 35 - (-7 - ((4 - 0) + -1 + (-10 - -5)))?
40
(0 - 6) + (12 + 27 + -17 + -15 - -81)
82
What is the value of -6 + (6 - (3 + -2)) + 0?
-1
What is the value of -28 + 6 + 12 + -1 + -1 - 27?
-39
Evaluate (73 - 41) + 70 + -51.
51
72 + -59 + 1 + -22 - (-19 + 12)
-1
What is the value of -11 + (-57 - -42) - -3?
-23
What is the value of -93 - -8 - (-8 + 15 + -12 + 2)?
-82
What is the value of -1 + -1 + -123 + 333 + -154 + 0 + -13?
41
What is (-17 + -1 - (7 + 4 - 6)) + -6 + 5?
-24
What is the value of -17 + (69 - 66 - 57)?
-71
What is the value of 18 + 17 + (3 - (19 + -39))?
58
-5 - 19 - 5 - (-268 + 200)
39
What is the value of 0 + 99 + -193 + 28?
-66
66 + (2 - (2 + -9 + (-4 - -23)))
56
Calculate (21 - (90 - 17)) + 5 - 32.
-79
Evaluate 10 + -1 - ((5 - (8 - 24)) + -48).
36
-4 + 20 - (-7 + -12 - (-1 + -5))
29
Evaluate -55 - 30 - -38 - -22.
-25
What is (1 + -9 - (135 + -145)) + -26 - -7?
-17
What is the value of -167 - (15 - (-3 - -95) - -32)?
-122
Calculate (-22 - -9) + (-4 - (4 + -5)) + 29.
13
What is (-149 - -90) + 4 + 66?
11
-31 - (-8 + (-9 + 21 - -1))
-36
Calculate 24 + (8 + -27 - (-10 - (8 + 8))).
31
Evaluate 36 - 10 - -6 - (15 + -13 + 0 + 2).
28
Calculate 29 + 1 + (-11 - 15) - -11.
15
(-1 + -12 + -3 - (-822 - -806)) + 0 + -8
-8
What is the value of (0 - 8) + 0 - (-23 - (36 - 60))?
-9
Calculate (-142 - -14 - -119) + 4 + 0 - (-2 + -29).
26
What is the value of (-26 - -91) + 4 + -77?
-8
Evaluate 38 - (144 - (30 - -33)).
-43
What is (-5 - -8 - (-14 + 1)) + (-221 - -118)?
-87
Evaluate 11 - 27 - -27 - -29.
40
Calculate 9 + (-5 + -1 - -23) + -56.
-30
Calculate (-28 - (-52 - -13)) + 153 + -52.
112
Calculate -3 + 49 - (-313 + 328) - 66.
-35
-381 - -404 - (1 + 71 + -6)
-43
What is -6 + (48 + -102 - -36 - (56 - -1))?
-81
What is -1144 - -1155 - (3 - 38)?
46
Calculate -27 - (72 + -28 + 3 + -27).
-47
Evaluate (0 - -70) + -1 + (-16 + (-4 - 4) - -22).
67
35 - (-53 + 12 + 5 - -132)
-61
What is the value of (35 - 6 - 14) + -36 - 23?
-44
Calculate (87 - 88) + (8 - ((-1 - 0) + 8)) - -102.
102
-46 + (45 + 1 - 34)
-34
Evaluate -151 + 10 + 68 - (2 + -1).
-74
(-68 - -137) + (-207 - -138)
0
Evaluate (-31 - (0 - -8 - 10)) + 43.
14
Evaluate -20 - (-357 + 327 - (1 - 41)).
-30
Evaluate -51 - (-161 + 47) - (-3 + (2 - (1 - 1))).
64
-14 - (-74 - (-103 + -73)) - (25 - 0)
-141
What is -58 + (-5 - (12 + -18)) + 24?
-33
(-5 - 21 - 6) + 26 + (4 - 1)
-3
Evaluate (-4 - (14 - ((7 - -6) + -4 - 3))) + 14.
2
What is -46 - (94 + 0 - (-1693 - -1713))?
-120
34 + 3 - 5 - (15 - -2)
15
What is the value of (17 - (-7 - -4)) + -29 + (-59 - 1)?
-69
3 + -22 + 92 + -21
52
-19 + -1 - -2 - (-36 + 33 + -106)
91
What is the value of (-1 - (9 - (80 + (-8 - -2)))) + 25 + -16?
73
127 + -19 + (-31 - 60)
17
Calculate 797 + -606 - (-4 - -97).
98
What is -17 - ((-14 - (-52 - -20)) + 15)?
-50
What is the value of -400 + 386 + (-21 - -1) - 10?
-44
What is (5 - -17 - 3) + (1 - 11) + 1 + 32?
42
What is 22 + (-43 - (-17 - (-31 + -5)))?
-40
(65 - (36 + -31 - -31)) + -1 + (3 - -1)
32
What is 1 - 1 - (-80 + (97 - 18)) - -16?
17
What is the value of (-14 - 3) + 69 + -22?
30
Calculate (-1 - -9) + 3 + 0 + -2 + (103 - 16).
96
-11 + (305 - 307) + 42 + (-2 - 1)
26
What is -23 + 10 + -10 + 20 - -18?
15
Evaluate 51 - (55 + (33 - 72)).
35
Evaluate 12 + -3 + 2 + (14 - 1 - (12 + -8)).
20
What is -35 + (39 - -53 - 13)?
44
What is the value of -10 + (-14 - (-50 - -10)) - (5 - (-8 + 19))?
22
Evaluate 5 + -129 + 134 - (45 + 0).
-35
What is the value of 66 - (4 + ((1 - 3) + 1 - -4 - 13))?
72
Evaluate (-70 - 40 - -137) + (-102 - -1).
-74
Evaluate (-12 - (-13 - -7)) + (5 - -4).
3
What is -7 - ((1 - -14) + 57 + -79 + -52)?
52
Calculate -64 + 90 + (-42 - 38).
-54
Calculate -102 + (-7 - (-13 - -4)) + -2 + -12 + 2.
-112
-2 + 1 + -61 - (-362 - -372)
-72
What is 59 + (-18 + (17 - (3 - -6)) + -5 - -5)?
49
-2 - 36 - (-33 + 51 - 27) - 8
-37
What is the value of (10 - (113 - -12)) + 219?
104
What is the value of 46 + -48 + 1 + -27 - (-2 - (7 - 1))?
-20
What is the value of 49 - (88 + -30 + 34)?
-43
What is (-113 + 253 - 135) + -24 + 1?
-18
Evaluate (-1 + (-17 - (6 - 15)) - 40) + -8.
-57
What is the value of 7 - (-24 - -36 - (12 + 13))?
20
What is the value of -3585 - -3595 - (-1 + (-1 - (7 + -2)))?
17
Calculate -23 + -22 + (74 - 21) + -13.
-5
Evaluate 8 - ((83 - -4) + 0 + 33 + -41).
-71
Calculate 28 + (-165 - 69) - -92.
-114
What is -73 + 129 + (-14 - 73)?
-31
(25 - (19 + 4)) + (-6 - -6)
2
Calculate -57 - 1 - (4688 - 4731).
-15
Evaluate (8 - -38) + -55 + (65 + -4 - 7).
45
What is (-29 - 5) + -9 + 29 + -37?
-51
Evaluate 3 + (-8 + 0 - -5) + 9 + 24 - -5.
38
Evaluate (30 - 11) + 56 + -7.
68
What is the value of (12 - (3 - -14)) + -3 + (-3 - 1 - -7)?
-5
Evaluate -8 - (37 + 25 + -140).
70
Calculate -5 + 4 + 27 - -3 - (199 + -193).
23
What is -22 - (-91 - (-94 + 60))?
35
Evaluate (-42 - (-9 + 84)) + (-2 - -1 - -8).
-110
What is the value of -2 + (-28 - (-3 - -6))?
-33
What is the value of (-14 - -10) + -6 + 8 + 106 + (2 - 14)?
92
What is the value of (7 + 1 + 7 + -6 - (-15 - -26)) + 30?
28
5 + 19 + (-17 - (-6 - -5))
8
Calculate 1 + 0 + (4 - (20 + -10)) - -15.
10
What is the value of -9 + (-12 - -54 - -15)?
48
-20 + (26 + -18 + 2 - -14)
4
-121 + 22 + 56 - -87
44
What is (1 - -29) + 123 + -158 + 0 + -2 + -22?
-29
What is the value of 0 + -133 - (-22 - (-37 - (-30 - -11) - -4))?
-125
Evaluate 18 - 2 - ((-5 - -9) + 2).
10
Evaluate (0 - (-17 + 14)) + 12 + 15.
30
Evaluate -53 + (62 - 169 - -198).
38
Calculate 1 + (1 - -47) + (5679 - 5667).
61
Evaluate 5 - (-9 - 5) - (99 + -19).
-61
2 + 51 + 3 + -36 + 25
45
What is 5 + (-1 - (7 + -7 + -7)) + -141 + 75?
-55
(240 - 114) + -68 + 55
113
What is the value of -1621 + 1562 + (7 - ((3 - 3) + (1 - -2)))?
-55
Calculate 33 + (-138 - (-8 + (-32 - -14))).
-79
Calculate (-3 - -5) + -114 + (15 - (40 - 45)).
-92
Evaluate -3 + (13 - (25 - 6)) - (1 - -84) - -8.
-86
What is the value of -41 - (-25 + 10 + -17)?
-9
Evaluate (-27 - -19 - (-20 - -2)) + 62 + 11.
83
1 + -16 - ((-18 - 23 - -19) + 27)
-20
Calculate 23 + -7 - -41 - 104.
-47
What is the value of (-13 + 14 + -2 - 6) + (-7 - -12) + -92?
-94
Evaluate -2 + 2 + 15 - (-31 + -14 + -47 + 87).
20
What is 0 + 111 - (9672 - 9458)?
-103
What is the value of 0 + 18 + 44 + (-58 - -36)?
40
Evaluate 74 - (104 - -77 - 15).
-92
(-1 - 3) + -26 + (26 - 3 - 21) + -10
-38
What is the value of 19 - (21 + (12 - 23) + 56)?
-47
What is the value of -27 + (-1 - (48 - 57) - (0 - 0 - -4))?
-23
Calculate (-10 - -9) + -101 + 79.
-23
What is -21 + 62 + (-9 + -26 - -80)?
86
-36 + 6 + -22 + 22
-30
Calculate -13 - (14 + -19 - -4) - (-21 + 6).
3
What is the value of 4 - (-15 + 0 - (87 - (-2 + 18)))?
90
Evaluate (1 - (-12 - (-14 + 11))) + -13 - (-27 - -53).
-29
Calculate -46 - ((36 - 251) + 17 - -31).
121
(-3 - -27) + 0 + -19 + 14 + (-4 - 2)
13
Calculate (-45 + 32 - -4) + -15 - -72.
48
Evaluate 11 + (4 + -13 - (19 + -44)) + -117.
-90
What is the value of 38 - 14 - 34 - -47?
37
(19 - 44 - -18) + (4 - 1) + 56 + -1
51
What is -27 + (-74 - -35) + 24?
-42
What is the value of -24 + (31 - (3 + -32 + 56))?
-20
What is the value of -45 + 5 - (12 + -29) - 21?
-44
What is (-24 - -4) + (-68 - -40)?
-48
What is the value of (8 - (2 - (-3 + -22 + -40))) + -11?
-70
18 + -43 + -54 - ((5 - 14) + -5)
-65
Calculate 8 + (-1 - 9) + (52 - -14 - (0 + 24)).
40
-60 + (-52 + 31 + 19 - -9)
-53
Evaluate -121 + 279 + -42 - (2 - -14).
100
46 + 1 + (-5 - 4) + (27 - 15) + -13
37
Evaluate (7 - -1) + -15 - (-81 + 99).
-25
Evaluate (14 - (-7 - (12 + 6))) + 3 + 0.
42
Calculate 60 + -271 - -42 - -118.
-51
Calculate (-40 + 47 - -12) + (-2 - -16).
33
Evaluate 38 + (13 + (5 - 0) - 18 - (-10 - 0)).
48
(-7 - -19) + -15 - (-1 + -2) - -50
50
(-11 - (9 + -15) - (7 + -1)) + (-3 - -62)
48
What is the value of 17 + (-3 - ((21 - 7) + -22))?
22
-26 + ((0 - 2) + -8 - (-513 - -512))
-35
Evaluate 0 + -16 - (-41 + 22 + -43 + -33).
79
What is 17 + 1 + (4 - 1) - (-16 - -148)?
-111
Calculate -90 + 155 + -125 - 58.
-118
What is the value of 1 + 6 - 17